42 = -4*x. Let w(p) = -6 + 14 - 11*p - 10*p**2 + 2*p**3 - p**3. Calculate w(x).
8
Let w = -11 + 7. Let m(v) = v**2 - 7*v. Let f(g) = g**2 + 1. Let x(q) = -2*f(q) + m(q). What is x(w)?
10
Let y(s) = s**3 + 8*s**2 + 6*s - 2. Let i be y(-7). Let b(x) = 8*x + 1 - 11*x + i*x. What is b(-1)?
-1
Let x = 34 + -33. Suppose 0 = -2*o + j + 12, -o - j = j - x. Let m(t) = t**2 - 6. Determine m(o).
19
Let c(b) be the second derivative of -b**5/20 - b**4/3 + b**3/3 - 7*b**2/2 - b. Suppose -59 = 2*t - 9. Let o = -30 - t. Determine c(o).
8
Let m(i) be the first derivative of 0*i**2 - 13 - 34 - 4*i - 2*i**2 + 4*i**2. Determine m(4).
12
Let u(g) = -g**3 - 4*g**2 + 4*g - 4. Let d = -21 + 40. Suppose -3*a + 5 = -d. Suppose -5*z + 6 = -l - 4*z, 3*z - a = l. Determine u(l).
1
Let s(v) be the third derivative of v**7/840 + 7*v**6/360 + v**5/30 - v**4/8 + 23*v**3/6 + 13*v**2. Let r(p) be the first derivative of s(p). Give r(-6).
9
Let v(a) = a**3 - 8*a**2 + 6*a + 7. Suppose 0 = -k - 5*o + 27, -8 = -3*k - k + 5*o. Calculate v(k).
0
Suppose -2*q = -2*m - 43 + 15, 0 = -5*q + 5. Let t = 19 + m. Let b(f) = 2 - f**3 + t*f**2 - 5 - 2 - f - 2*f**2. What is b(4)?
-9
Let q be (-17 - -22)*1/5. Let x(p) = -3*p**2. Calculate x(q).
-3
Let h(b) = b**3 - b**2 - b + 10. Let m be (-3 - (-7 - -3)) + -1. Let r be h(m). Suppose u = -u + r. Let o(l) = -l**2 + 3*l. What is o(u)?
-10
Let s be (-8)/(-5 + 3) + 4 + -6. Let v(x) be the first derivative of -5/2*x**s + 5 + 5*x + 1/3*x**3. Determine v(4).
1
Let i(g) = -g**3 + 6*g**2 + 8*g + 4. Let z = 45 + -38. Determine i(z).
11
Let k = -22 + 28. Suppose -4*x - 4 = -2*d, 3*x + 4*d + 7 = k*x. Let y(f) = f + 3. Calculate y(x).
0
Let c(a) = a - 1. Suppose -2*w - 4 = -3*w. Suppose w*m - 8*m + 4 = 0. Calculate c(m).
0
Let i(a) = -4*a. Suppose -o + 25*x - 7 = 20*x, -5*o = 2*x + 8. What is i(o)?
8
Let p = 37 + -40. Let y(v) = -v**2 - 6*v - 5. Calculate y(p).
4
Let z(o) be the third derivative of o**6/120 - 2*o**5/15 + o**4/3 + 5*o**3/6 + 4*o**2 - 28. Calculate z(6).
-19
Suppose -5*z = -0*z - 2*m - 82, z - 3*m - 6 = 0. Let c(r) = -z - 16 - 7*r - r**2 + 24 - r. Let u be c(-5). Let x(p) = -p**2 + 4*p. Determine x(u).
-5
Let x(n) = 4*n**2 - n + n**3 - 12 - 2*n**2 + 12. Let t be -1*(-5)/(15/27). Let s = t - 8. Give x(s).
2
Let d(b) be the third derivative of b**6/30 + b**5/30 - b**4/12 + b**3/3 + 362*b**2. Determine d(2).
38
Let g(x) be the third derivative of -x**4/4 + x**3/6 - x**2 + 50. What is g(1)?
-5
Let r(c) = c**3 + 3*c**2 - 5*c - 5. Suppose u + 2*m - 2 = 0, m + 11 = 3*u - 2*u. Suppose 12 = 4*n - u. Let b = -9 + n. What is r(b)?
-1
Let k(h) = -2*h**2 + 28*h + 11. Let m(w) = -w**2 + 14*w + 5. Let l(o) = -6*k(o) + 11*m(o). Calculate l(15).
4
Let v(r) = 29*r - 90*r - 1 + 39*r + r**2 + 27*r. Calculate v(-4).
-5
Let s(i) be the second derivative of -i**3/6 + 9*i**2/2 - 165*i. Give s(10).
-1
Let i(p) be the third derivative of p**6/120 + p**5/15 - p**4/4 + p**3/6 + 37*p**2. Give i(-5).
6
Let d(m) be the first derivative of m**2/2 + 4*m + 590. Determine d(1).
5
Let s(u) be the third derivative of -u**8/6720 + u**7/360 - u**6/120 + u**5/120 - u**4/4 + 12*u**2. Let d(t) be the second derivative of s(t). What is d(6)?
1
Let o(q) be the second derivative of -2*q**3/3 - 19*q**2/2 - 140*q. Determine o(-6).
5
Let y(i) = -i**3 - 4*i**2 + 12*i - 31. Let d(a) = -2*a**3 - 7*a**2 + 23*a - 57. Let f(k) = 6*d(k) - 11*y(k). Determine f(4).
-9
Let s = -363 - -365. Let v(p) = -p**3 - p**2 + 2*p + 1. Calculate v(s).
-7
Let k(y) = 0 - 151*y + 149*y + 8. Give k(10).
-12
Let m(b) = -4 + 2*b**3 - 3 + b + 3 - 8*b**2 + 3*b**2 - 3*b**3. Calculate m(-5).
-9
Suppose 3*m = -2*w - 23, 4*w = -3*m - 5 - 26. Let p(i) = 6*i + 3. Let t(b) = 25*b + 13. Let q(c) = -9*p(c) + 2*t(c). Determine q(w).
15
Suppose -84 = 5*v - 3*v. Let n = v + 37. Let j(u) = -u**2 - 7*u - 2. Calculate j(n).
8
Let f(x) = -x**2 - 5*x + 123. Let j be f(-14). Let n(p) = -4*p - 5. What is n(j)?
7
Let h(z) = z + 8*z**2 - 1 - z. Let u be 16/(6/(-9) - (-15)/9). Let d(k) = 3*k - 49. Let w be d(u). Calculate h(w).
7
Let m(b) be the second derivative of b**3/6 + 5*b**2/2 - 53*b. Let c(r) = -r**2 + 2*r + 10. Let s be c(5). Give m(s).
0
Let z(h) = -3 + 7*h + 1 + 8 + h**2. Let l be (-2)/((-6)/9) + (13 - 22). Give z(l).
0
Let p = 0 - -3. Suppose 12 = 2*c - 3*c + 4*q, 2*c - 3 = -q. Let j(i) = c - 1 - 5*i**p + 4*i**3 + 0 + 2*i. Give j(1).
0
Let l(m) be the second derivative of -3*m + 7/6*m**3 - 1/2*m**2 + 7/12*m**4 + 0 + 1/20*m**5. Determine l(-6).
-7
Let d be 0/(-3) + 5 - 2. Suppose d*g = -g - 24. Let k = g - -10. Let y(r) = r**3 - 5*r**2 + 7*r - 4. Give y(k).
8
Let l(c) = 6 + 115*c - 49*c + 13*c**2 - 59*c + 2*c**3. Determine l(-6).
0
Let b(c) = -c**2 + 5*c + 2. Let x(o) = -2*o - 10. Let v be x(-5). Let f(a) = 3*a + 4. Let m be f(v). Determine b(m).
6
Let v = 218 - 212. Let l(y) be the third derivative of 1/120*y**v + 0*y + 0 - 5*y**2 + 1/20*y**5 + 0*y**3 + 1/24*y**4. Calculate l(-2).
2
Let w(u) = 3*u - 1. Let b(m) = -5 + 0*m + 7 - 5*m. Let v(f) = -4*b(f) - 7*w(f). Give v(-5).
4
Let d(n) = n**3 - 5*n**2 + 3. Suppose -9*o + 40 = -o. Suppose 0 = -3*j - 3*h, 3*j - o = h - 3*h. What is d(j)?
3
Let m(p) = p**3 + 11*p**2 - 13*p - 14. Let y be m(-12). Let t(l) = 4*l - 3*l + 5 - 5*l + 2*l**3 - 8 + l**2. Give t(y).
-7
Suppose 5*m + 49 = 3*f, -6*m - 52 = -4*f - 2*m. Let j(v) = v**2 - 7*v - 5. Calculate j(f).
3
Let q(j) = -78 + 67 - 476*j + 467*j. Give q(3).
-38
Let o(j) = -4*j - 1. Let g be (-4 + (-130)/(-25))*(-5)/(-2). Suppose 9 = -g*c - x, 2*x - 4 = 3*c + 5. Give o(c).
11
Let y(a) = a**2 - a - 6. Let l be y(0). Let z be 4/l*(-165)/22. Let b(g) = 2*g - 3. What is b(z)?
7
Let t(h) be the third derivative of -h**6/120 + 4*h**5/15 + h**4/24 - 5*h**3/3 - 13*h**2. Let r be t(16). Let x(w) = w - 4. Determine x(r).
2
Let t(v) = 16*v - 16. Let i(l) = l. Let d(x) = -32*i(x) + t(x). Let u(s) = 3*s + 3. Let b(z) = -4*d(z) - 22*u(z). Determine b(3).
-8
Let p(y) = -3*y**3 - 7*y**2 - 12*y - 8. Let r(n) = 2*n**3 + 3*n**2 + 6*n + 5. Let q(i) = 3*p(i) + 5*r(i). Give q(7).
8
Suppose 3*a - 3*z - 293 = -2*z, 369 = 4*a + 3*z. Let h = a + -92. Let x(t) = -t + 2. Give x(h).
-2
Let r(h) be the first derivative of 15 + 0*h**2 - 1/3*h**3 + h. What is r(-1)?
0
Let z(a) = 6*a**2 + 6 + 1 - 13 + 16*a - 5 - 5*a**2. Give z(-16).
-11
Let i(r) = -3 - 4*r + 1 + 2*r. Suppose 0*j = 5*j. Let c be (3 + j - 4)*6. Determine i(c).
10
Let q(f) = -84 - 81 + 158 + 2*f**2 - 3*f - 3*f. What is q(-5)?
73
Let b = -4 - -6. Suppose -b*i + 4*i = -4. Let a(d) = 0*d**2 + 298*d - 13*d**3 - 3 - 302*d + 12*d**3 - d**2. Determine a(i).
9
Let y(q) = q**3 + 30*q**2 + 105*q + 19. Let r be y(-26). Let x(c) = c**2 + 9*c - 1. What is x(r)?
-15
Let y = 280 + -282. Let n(c) = c**3 - c**2 - 3*c - 1. What is n(y)?
-7
Suppose -60*y + 65*y = 10. Let v(d) = 3*d**2 + 11*d. Let x(p) = 4*p**2 + 12*p. Let w(s) = y*x(s) - 3*v(s). Determine w(-7).
14
Suppose 5*q - 6 = -l + 3*l, -5*q + 4*l + 2 = 0. Let a(h) = -13*h + 2. Let x(w) = 4*w - 1. Let v(n) = -2*a(n) - 7*x(n). Determine v(q).
-1
Let i(p) = -14*p - 3 + 2 + 17*p - 4. Give i(6).
13
Suppose 13*t + 270 = -14*t. Let f(p) = p**2 + 14*p. Calculate f(t).
-40
Suppose -9 = s + 2*a - 5*a, 3*s - 3*a = -9. Let z(c) = -1. Let o(k) = -k + 1. Let t(q) = o(q) - 2*z(q). Give t(s).
3
Let t(n) = n**3 + 6*n**2 + 4*n - 1. Let g be (20/12)/((-10)/30). Determine t(g).
4
Suppose -5*d + 4*d - 2*q + 9 = 0, -3*d + 11 = 2*q. Let r(a) = -10*a**2 + 4*a - 3. Give r(d).
-9
Let b be (-221)/39 - 4/(-6). Let f(i) be the third derivative of i**6/120 + i**5/15 - i**4/8 + 2*i**3/3 + i**2. Calculate f(b).
-6
Let a(g) = g**2 + 6*g - 4. Suppose 4*d = -f + 15, -3*d + 4 = 2*f - 11. Let p be 7 - f - (-1 - -2). Suppose p*k - 2*x - 2 + 19 = 0, 0 = -x + 1. Calculate a(k).
-9
Let o(v) = v**3 - 15*v**2 + 12. Let r be o(15). Let x be (2 + -1)/(r/12). Let f(z) = -10*z + 1. Give f(x).
-9
Let v(n) = -92*n**2 + 368*n + 4. Let y be v(4). Let s(q) be the third derivative of q**5/30 - q**4/8 - 5*q**3/6 + q**2. Give s(y).
15
Let v be 15*(-7 - (-110)/15). Let w(b) = b - 12. What is w(v)?
-7
Suppose 2*x - 3*d = 5, 3*d = 3*x + x - 7. Suppose -3*t - 11 = x. Let j = 1 + t. Let b(l) = -l**2 - l - 1. Give b(j).
-7
Let z(b) = 15*b**2 - 14*b + 5. Let w(v) = 19*v**2 - 14*v + 4. Let t(a) = -3*w(a) + 4*z(a). Give t(5).
13
Le